{"id":2546,"date":"2023-11-09T18:15:46","date_gmt":"2023-11-09T18:15:46","guid":{"rendered":"http:\/\/192.168.244.140\/?page_id=2546"},"modified":"2023-11-09T18:29:27","modified_gmt":"2023-11-09T18:29:27","slug":"_estrutura-unidade-executora","status":"publish","type":"page","link":"https:\/\/prosap.parauapebas.pa.gov.br\/index.php\/_estrutura-unidade-executora\/","title":{"rendered":"_Estrutura &#8211; Unidade Executora"},"content":{"rendered":"\t\t<div data-elementor-type=\"wp-page\" data-elementor-id=\"2546\" class=\"elementor elementor-2546\" data-elementor-post-type=\"page\">\n\t\t\t\t\t\t<section class=\"elementor-section elementor-top-section elementor-element elementor-element-10ba89b elementor-section-boxed elementor-section-height-default elementor-section-height-default\" data-id=\"10ba89b\" data-element_type=\"section\" data-e-type=\"section\" data-settings=\"{&quot;background_background&quot;:&quot;classic&quot;}\">\n\t\t\t\t\t\t<div class=\"elementor-container elementor-column-gap-default\">\n\t\t\t\t\t<div class=\"elementor-column elementor-col-100 elementor-top-column elementor-element elementor-element-a8f1d8b\" data-id=\"a8f1d8b\" data-element_type=\"column\" data-e-type=\"column\">\n\t\t\t<div class=\"elementor-widget-wrap elementor-element-populated\">\n\t\t\t\t\t\t<div class=\"elementor-element elementor-element-1d30f7c elementor-widget elementor-widget-heading\" data-id=\"1d30f7c\" data-element_type=\"widget\" data-e-type=\"widget\" data-widget_type=\"heading.default\">\n\t\t\t\t<div class=\"elementor-widget-container\">\n\t\t\t\t\t<h2 class=\"elementor-heading-title elementor-size-default\">Unidade Executora do Projeto - UEP<\/h2>\t\t\t\t<\/div>\n\t\t\t\t<\/div>\n\t\t\t\t<div class=\"elementor-element elementor-element-e79803b elementor-widget-divider--separator-type-pattern elementor-widget-divider--view-line elementor-widget elementor-widget-divider\" data-id=\"e79803b\" data-element_type=\"widget\" data-e-type=\"widget\" data-widget_type=\"divider.default\">\n\t\t\t\t<div class=\"elementor-widget-container\">\n\t\t\t\t\t\t\t<div class=\"elementor-divider\" style=\"--divider-pattern-url: url(&quot;data:image\/svg+xml,%3Csvg xmlns=&#039;http:\/\/www.w3.org\/2000\/svg&#039; preserveAspectRatio=&#039;none&#039; overflow=&#039;visible&#039; height=&#039;100%&#039; viewBox=&#039;0 0 20 16&#039; fill=&#039;none&#039; stroke=&#039;black&#039; stroke-width=&#039;2.5&#039; stroke-linecap=&#039;square&#039; stroke-miterlimit=&#039;10&#039;%3E%3Cg transform=&#039;translate(-12.000000, 0)&#039;%3E%3Cpath d=&#039;M28,0L10,18&#039;\/%3E%3Cpath d=&#039;M18,0L0,18&#039;\/%3E%3Cpath d=&#039;M48,0L30,18&#039;\/%3E%3Cpath d=&#039;M38,0L20,18&#039;\/%3E%3C\/g%3E%3C\/svg%3E&quot;);\">\n\t\t\t<span class=\"elementor-divider-separator\">\n\t\t\t\t\t\t<\/span>\n\t\t<\/div>\n\t\t\t\t\t\t<\/div>\n\t\t\t\t<\/div>\n\t\t\t\t<section class=\"elementor-section elementor-inner-section elementor-element elementor-element-6bf74e3 elementor-section-boxed elementor-section-height-default elementor-section-height-default\" data-id=\"6bf74e3\" data-element_type=\"section\" data-e-type=\"section\">\n\t\t\t\t\t\t<div class=\"elementor-container elementor-column-gap-default\">\n\t\t\t\t\t<div class=\"elementor-column elementor-col-100 elementor-inner-column elementor-element elementor-element-ef9b438\" data-id=\"ef9b438\" data-element_type=\"column\" data-e-type=\"column\">\n\t\t\t<div class=\"elementor-widget-wrap elementor-element-populated\">\n\t\t\t\t\t\t<div class=\"elementor-element elementor-element-15273c0 elementor-widget elementor-widget-text-editor\" data-id=\"15273c0\" data-element_type=\"widget\" data-e-type=\"widget\" data-widget_type=\"text-editor.default\">\n\t\t\t\t<div class=\"elementor-widget-container\">\n\t\t\t\t\t\t\t\t\t<div align=\"justify\">Compete \u00e0 Unidade Executora do Projeto (UEP) a coordena\u00e7\u00e3o geral do programa e sua efetiva execu\u00e7\u00e3o, servindo como interlocutor entre o Munic\u00edpio de Parauapebas, o ente financiador e os demais \u00f3rg\u00e3os participantes, bem como:<\/div><div align=\"justify\"><br \/>I. Coordenar, administrar e supervisionar a execu\u00e7\u00e3o do programa, com base no contrato de empr\u00e9stimo firmado entre Munic\u00edpio de Parauapebas e o ente financiador;<br \/>II. Representar o mutu\u00e1rio junto ao ente financiador e \u00f3rg\u00e3os de controle interno e externo;<br \/>III. Preparar os processos licitat\u00f3rios do programa, acompanhar o andamento dos processos e solicitar a n\u00e3o obje\u00e7\u00e3o do ente financiador, conforme for o caso;<br \/>IV. Elaborar termos de refer\u00eancia e or\u00e7amentos para contrata\u00e7\u00e3o de obras e servi\u00e7os de consultoria;<br \/>V. Coordenar, monitorar e supervisionar a elabora\u00e7\u00e3o do Plano Diretor de Reassentamento;<br \/>VI. Coordenar, monitorar e supervisionar a implementa\u00e7\u00e3o do Marco de Gest\u00e3o Ambiental e Social (MGAS), e das condicionantes das licen\u00e7as ambientais;<br \/>VII. Adotar procedimentos cab\u00edveis ao Licenciamento Ambiental das obras e servi\u00e7os do programa;<br \/>VIII. Acompanhar o processo t\u00e9cnico de prepara\u00e7\u00e3o, an\u00e1lise e aprova\u00e7\u00e3o dos projetos dos demais \u00f3rg\u00e3os participantes;<br \/>IX. Elaborar e encaminhar ao ente financiador o Plano Operacional Anual \u2013 POA \u2013 e o Plano de Aquisi\u00e7\u00f5es \u2013 PA, nos prazos estipulados contratualmente;<br \/>X. Elaborar e encaminhar as propostas or\u00e7ament\u00e1rias anuais do programa \u00e0 Secretaria Municipal de Planejamento e Gest\u00e3o \u2013 SEPLAN;<br \/>XI. Elaborar a programa\u00e7\u00e3o financeira e solicitar a libera\u00e7\u00e3o de recursos da contrapartida local \u00e0 Secretaria Municipal de Fazenda \u2013 SEFAZ;<br \/>XII. Monitorar o cumprimento dos contratos de servi\u00e7os e obras constantes no programa, a fim de identificar as ocorr\u00eancias capazes de provocar atrasos ou distor\u00e7\u00f5es no avan\u00e7o f\u00edsico-financeiro;<br \/>XIII. Promover a execu\u00e7\u00e3o e monitorar os resultados da implanta\u00e7\u00e3o das a\u00e7\u00f5es de fortalecimento institucional;<br \/>XIV. Monitorar o cumprimento dos acordos de coopera\u00e7\u00e3o t\u00e9cnica e conv\u00eanios firmados entre o Munic\u00edpio e outros \u00f3rg\u00e3os visando \u00e0 boa execu\u00e7\u00e3o do programa;<br \/>XV. Elaborar e encaminhar ao ente financiador as presta\u00e7\u00f5es de contas do Projeto e as solicita\u00e7\u00f5es de libera\u00e7\u00e3o de recursos de financiamento e do Tesouro Municipal;<br \/>XVI. Manter os registros financeiros e cont\u00e1beis adequados que permitam identificar apropriadamente os recursos advindos de empr\u00e9stimos, do Tesouro Municipal e de outras fontes recursos para a execu\u00e7\u00e3o do programa;<br \/>XVII. Elaborar e encaminhar ao ente financiador os relat\u00f3rios de progresso, demonstrativos financeiros anuais auditados e demais documentos do programa, segundo as disposi\u00e7\u00f5es do respectivo contrato de empr\u00e9stimo;<br \/>XVIII. Prestar as informa\u00e7\u00f5es necess\u00e1rias aos \u00d3rg\u00e3os de Controle Interno e Externo;<br \/>XIX. Garantir os meios e condi\u00e7\u00f5es necess\u00e1rias ao apoio t\u00e9cnico para a an\u00e1lise e o monitoramento das a\u00e7\u00f5es, propostas e produtos relacionados com a execu\u00e7\u00e3o do programa;<br \/>XX. Elaborar os termos de recebimento definitivos das consultorias, obras, bens e servi\u00e7os do Programa;<br \/>XXI. Executar outras atividades vinculadas \u00e0 administra\u00e7\u00e3o geral e execu\u00e7\u00e3o do programa.<\/div>\t\t\t\t\t\t\t\t<\/div>\n\t\t\t\t<\/div>\n\t\t\t\t<div class=\"elementor-element elementor-element-12fce8c elementor-align-center elementor-icon-list--layout-traditional elementor-list-item-link-full_width elementor-widget elementor-widget-icon-list\" data-id=\"12fce8c\" data-element_type=\"widget\" data-e-type=\"widget\" data-widget_type=\"icon-list.default\">\n\t\t\t\t<div class=\"elementor-widget-container\">\n\t\t\t\t\t\t\t<ul class=\"elementor-icon-list-items\">\n\t\t\t\t\t\t\t<li class=\"elementor-icon-list-item\">\n\t\t\t\t\t\t\t\t\t\t\t<a href=\"https:\/\/prosap.parauapebas.pa.gov.br\/estrutura_programa\/\">\n\n\t\t\t\t\t\t\t\t\t\t\t\t<span class=\"elementor-icon-list-icon\">\n\t\t\t\t\t\t\t<i aria-hidden=\"true\" class=\"far fa-arrow-alt-circle-left\"><\/i>\t\t\t\t\t\t<\/span>\n\t\t\t\t\t\t\t\t\t\t<span class=\"elementor-icon-list-text\">Voltar<\/span>\n\t\t\t\t\t\t\t\t\t\t\t<\/a>\n\t\t\t\t\t\t\t\t\t<\/li>\n\t\t\t\t\t\t<\/ul>\n\t\t\t\t\t\t<\/div>\n\t\t\t\t<\/div>\n\t\t\t\t\t<\/div>\n\t\t<\/div>\n\t\t\t\t\t<\/div>\n\t\t<\/section>\n\t\t\t\t\t<\/div>\n\t\t<\/div>\n\t\t\t\t\t<\/div>\n\t\t<\/section>\n\t\t\t\t<\/div>\n\t\t","protected":false},"excerpt":{"rendered":"<p>Unidade Executora do Projeto &#8211; UEP Compete \u00e0 Unidade Executora do Projeto (UEP) a coordena\u00e7\u00e3o geral do programa e sua efetiva execu\u00e7\u00e3o, servindo como interlocutor entre o Munic\u00edpio de Parauapebas, o ente financiador e os demais \u00f3rg\u00e3os participantes, bem como:I. Coordenar, administrar e supervisionar a execu\u00e7\u00e3o do programa, com base no contrato de empr\u00e9stimo firmado [&hellip;]<\/p>\n","protected":false},"author":1,"featured_media":0,"parent":0,"menu_order":0,"comment_status":"closed","ping_status":"closed","template":"elementor_header_footer","meta":{"_acf_changed":false,"_crdt_document":"","_joinchat":[],"footnotes":""},"class_list":["post-2546","page","type-page","status-publish","hentry"],"acf":[],"_links":{"self":[{"href":"https:\/\/prosap.parauapebas.pa.gov.br\/index.php\/wp-json\/wp\/v2\/pages\/2546","targetHints":{"allow":["GET"]}}],"collection":[{"href":"https:\/\/prosap.parauapebas.pa.gov.br\/index.php\/wp-json\/wp\/v2\/pages"}],"about":[{"href":"https:\/\/prosap.parauapebas.pa.gov.br\/index.php\/wp-json\/wp\/v2\/types\/page"}],"author":[{"embeddable":true,"href":"https:\/\/prosap.parauapebas.pa.gov.br\/index.php\/wp-json\/wp\/v2\/users\/1"}],"replies":[{"embeddable":true,"href":"https:\/\/prosap.parauapebas.pa.gov.br\/index.php\/wp-json\/wp\/v2\/comments?post=2546"}],"version-history":[{"count":0,"href":"https:\/\/prosap.parauapebas.pa.gov.br\/index.php\/wp-json\/wp\/v2\/pages\/2546\/revisions"}],"wp:attachment":[{"href":"https:\/\/prosap.parauapebas.pa.gov.br\/index.php\/wp-json\/wp\/v2\/media?parent=2546"}],"curies":[{"name":"wp","href":"https:\/\/api.w.org\/{rel}","templated":true}]}}