{"id":1892,"date":"2023-11-08T13:21:31","date_gmt":"2023-11-08T13:21:31","guid":{"rendered":"http:\/\/192.168.244.140\/?page_id=1892"},"modified":"2024-03-06T09:47:02","modified_gmt":"2024-03-06T12:47:02","slug":"reurb","status":"publish","type":"page","link":"https:\/\/prosap.parauapebas.pa.gov.br\/index.php\/reurb\/","title":{"rendered":"reurb"},"content":{"rendered":"\t\t<div data-elementor-type=\"wp-page\" data-elementor-id=\"1892\" class=\"elementor elementor-1892\" data-elementor-post-type=\"page\">\n\t\t\t\t\t\t<section class=\"elementor-section elementor-top-section elementor-element elementor-element-10ba89b elementor-section-height-min-height elementor-section-boxed elementor-section-height-default elementor-section-items-middle\" data-id=\"10ba89b\" data-element_type=\"section\" data-e-type=\"section\" data-settings=\"{&quot;background_background&quot;:&quot;classic&quot;}\">\n\t\t\t\t\t\t<div class=\"elementor-container elementor-column-gap-default\">\n\t\t\t\t\t<div class=\"elementor-column elementor-col-100 elementor-top-column elementor-element elementor-element-a8f1d8b\" data-id=\"a8f1d8b\" data-element_type=\"column\" data-e-type=\"column\">\n\t\t\t<div class=\"elementor-widget-wrap elementor-element-populated\">\n\t\t\t\t\t\t<div class=\"elementor-element elementor-element-1d30f7c elementor-widget elementor-widget-heading\" data-id=\"1d30f7c\" data-element_type=\"widget\" data-e-type=\"widget\" data-widget_type=\"heading.default\">\n\t\t\t\t<div class=\"elementor-widget-container\">\n\t\t\t\t\t<h2 class=\"elementor-heading-title elementor-size-default\">Regulariza\u00e7\u00e3o Fundi\u00e1ria Urbana (Reurb)<\/h2>\t\t\t\t<\/div>\n\t\t\t\t<\/div>\n\t\t\t\t<div class=\"elementor-element elementor-element-e79803b elementor-widget-divider--separator-type-pattern elementor-widget-divider--view-line elementor-widget elementor-widget-divider\" data-id=\"e79803b\" data-element_type=\"widget\" data-e-type=\"widget\" data-widget_type=\"divider.default\">\n\t\t\t\t<div class=\"elementor-widget-container\">\n\t\t\t\t\t\t\t<div class=\"elementor-divider\" style=\"--divider-pattern-url: url(&quot;data:image\/svg+xml,%3Csvg xmlns=&#039;http:\/\/www.w3.org\/2000\/svg&#039; preserveAspectRatio=&#039;none&#039; overflow=&#039;visible&#039; height=&#039;100%&#039; viewBox=&#039;0 0 20 16&#039; fill=&#039;none&#039; stroke=&#039;black&#039; stroke-width=&#039;2.5&#039; stroke-linecap=&#039;square&#039; stroke-miterlimit=&#039;10&#039;%3E%3Cg transform=&#039;translate(-12.000000, 0)&#039;%3E%3Cpath d=&#039;M28,0L10,18&#039;\/%3E%3Cpath d=&#039;M18,0L0,18&#039;\/%3E%3Cpath d=&#039;M48,0L30,18&#039;\/%3E%3Cpath d=&#039;M38,0L20,18&#039;\/%3E%3C\/g%3E%3C\/svg%3E&quot;);\">\n\t\t\t<span class=\"elementor-divider-separator\">\n\t\t\t\t\t\t<\/span>\n\t\t<\/div>\n\t\t\t\t\t\t<\/div>\n\t\t\t\t<\/div>\n\t\t\t\t<section class=\"elementor-section elementor-inner-section elementor-element elementor-element-6bf74e3 elementor-section-boxed elementor-section-height-default elementor-section-height-default\" data-id=\"6bf74e3\" data-element_type=\"section\" data-e-type=\"section\">\n\t\t\t\t\t\t<div class=\"elementor-container elementor-column-gap-default\">\n\t\t\t\t\t<div class=\"elementor-column elementor-col-100 elementor-inner-column elementor-element elementor-element-ef9b438\" data-id=\"ef9b438\" data-element_type=\"column\" data-e-type=\"column\">\n\t\t\t<div class=\"elementor-widget-wrap elementor-element-populated\">\n\t\t\t\t\t\t<div class=\"elementor-element elementor-element-15273c0 elementor-widget elementor-widget-text-editor\" data-id=\"15273c0\" data-element_type=\"widget\" data-e-type=\"widget\" data-widget_type=\"text-editor.default\">\n\t\t\t\t<div class=\"elementor-widget-container\">\n\t\t\t\t\t\t\t\t\t<p><span style=\"color: var( --e-global-color-text );\">Desenvolvido pela Prefeitura de Parauapebas, por meio do Prosap, o Programa de Regulariza\u00e7\u00e3o Fundi\u00e1ria Urbana (Reurb) \u2013 Titula Parauapebas, j\u00e1 realizou a entrega de 1.500 t\u00edtulos de propriedades para os moradores de Parauapebas que residem em \u00e1reas alcan\u00e7adas pelas obras do Prosap.<\/span><\/p><p>O Titula Parauapebas consiste em um conjunto de medidas jur\u00eddicas, urban\u00edsticas, ambientais e sociais destinadas \u00e0 incorpora\u00e7\u00e3o dos n\u00facleos urbanos informais ao ordenamento territorial urbano, garantindo, assim, a seguran\u00e7a jur\u00eddica das posses e o direito social \u00e0 moradia digna.<\/p><p>Atualmente, o Titula Parauapebas beneficia as comunidades que est\u00e3o no entorno dos Igarap\u00e9s Ilha do Coco e Lajeado. Para al\u00e9m disso, implantou, ainda em 2023, a regulariza\u00e7\u00e3o fundi\u00e1ria de ch\u00e1caras (\u00e1reas periurbanas) que est\u00e3o localizadas no entorno da cidade.<\/p><p>Informa\u00e7\u00f5es sobre o Titula Parauapebas no Escrit\u00f3rio Socioambiental do Prosap \u2013 localizado na rua Rio Dourado, s\/n, bairro Beira Rio I, ao lado do pr\u00e9dio do Servi\u00e7o Aut\u00f4nomo de \u00c1gua e Esgoto de Parauapebas (Saaep). O atendimento ao p\u00fablico funciona de segunda a sexta-feira, das 8h \u00e0s 18h (sem intervalo para almo\u00e7o).<\/p><p><strong>Telefone\/WhatsApp: (94) 98151-6034<\/strong><\/p>\t\t\t\t\t\t\t\t<\/div>\n\t\t\t\t<\/div>\n\t\t\t\t\t<\/div>\n\t\t<\/div>\n\t\t\t\t\t<\/div>\n\t\t<\/section>\n\t\t\t\t<section class=\"elementor-section elementor-inner-section elementor-element elementor-element-5b5b0bb elementor-section-boxed elementor-section-height-default elementor-section-height-default\" data-id=\"5b5b0bb\" data-element_type=\"section\" data-e-type=\"section\">\n\t\t\t\t\t\t<div class=\"elementor-container elementor-column-gap-default\">\n\t\t\t\t\t<div class=\"elementor-column elementor-col-33 elementor-inner-column elementor-element elementor-element-c8e860d\" data-id=\"c8e860d\" data-element_type=\"column\" data-e-type=\"column\">\n\t\t\t<div class=\"elementor-widget-wrap elementor-element-populated\">\n\t\t\t\t\t\t<div class=\"elementor-element elementor-element-7616b43 elementor-widget elementor-widget-image\" data-id=\"7616b43\" data-element_type=\"widget\" data-e-type=\"widget\" data-widget_type=\"image.default\">\n\t\t\t\t<div class=\"elementor-widget-container\">\n\t\t\t\t\t\t\t\t\t\t\t\t\t\t\t\t<a href=\"https:\/\/prosap.parauapebas.pa.gov.br\/wp-content\/uploads\/2023\/11\/reurb2.jpg\" data-elementor-open-lightbox=\"yes\" data-elementor-lightbox-title=\"reurb2\" data-e-action-hash=\"#elementor-action%3Aaction%3Dlightbox%26settings%3DeyJpZCI6MTg5OSwidXJsIjoiaHR0cHM6XC9cL3Byb3NhcC5wYXJhdWFwZWJhcy5wYS5nb3YuYnJcL3dwLWNvbnRlbnRcL3VwbG9hZHNcLzIwMjNcLzExXC9yZXVyYjIuanBnIn0%3D\">\n\t\t\t\t\t\t\t<img fetchpriority=\"high\" decoding=\"async\" width=\"520\" height=\"345\" src=\"https:\/\/prosap.parauapebas.pa.gov.br\/wp-content\/uploads\/2023\/11\/reurb2.jpg\" class=\"elementor-animation-hang attachment-large size-large wp-image-1899\" alt=\"\" srcset=\"https:\/\/prosap.parauapebas.pa.gov.br\/wp-content\/uploads\/2023\/11\/reurb2.jpg 520w, https:\/\/prosap.parauapebas.pa.gov.br\/wp-content\/uploads\/2023\/11\/reurb2-300x199.jpg 300w\" sizes=\"(max-width: 520px) 100vw, 520px\" \/>\t\t\t\t\t\t\t\t<\/a>\n\t\t\t\t\t\t\t\t\t\t\t\t\t\t\t<\/div>\n\t\t\t\t<\/div>\n\t\t\t\t\t<\/div>\n\t\t<\/div>\n\t\t\t\t<div class=\"elementor-column elementor-col-33 elementor-inner-column elementor-element elementor-element-ce553dc\" data-id=\"ce553dc\" data-element_type=\"column\" data-e-type=\"column\">\n\t\t\t<div class=\"elementor-widget-wrap elementor-element-populated\">\n\t\t\t\t\t\t<div class=\"elementor-element elementor-element-fb9c9b0 elementor-widget elementor-widget-image\" data-id=\"fb9c9b0\" data-element_type=\"widget\" data-e-type=\"widget\" data-widget_type=\"image.default\">\n\t\t\t\t<div class=\"elementor-widget-container\">\n\t\t\t\t\t\t\t\t\t\t\t\t\t\t\t\t<a href=\"https:\/\/prosap.parauapebas.pa.gov.br\/wp-content\/uploads\/2023\/11\/reurb1.jpg\" data-elementor-open-lightbox=\"yes\" data-elementor-lightbox-title=\"reurb1\" data-e-action-hash=\"#elementor-action%3Aaction%3Dlightbox%26settings%3DeyJpZCI6MTg5OCwidXJsIjoiaHR0cHM6XC9cL3Byb3NhcC5wYXJhdWFwZWJhcy5wYS5nb3YuYnJcL3dwLWNvbnRlbnRcL3VwbG9hZHNcLzIwMjNcLzExXC9yZXVyYjEuanBnIn0%3D\">\n\t\t\t\t\t\t\t<img decoding=\"async\" width=\"520\" height=\"345\" src=\"https:\/\/prosap.parauapebas.pa.gov.br\/wp-content\/uploads\/2023\/11\/reurb1.jpg\" class=\"elementor-animation-hang attachment-large size-large wp-image-1898\" alt=\"\" srcset=\"https:\/\/prosap.parauapebas.pa.gov.br\/wp-content\/uploads\/2023\/11\/reurb1.jpg 520w, https:\/\/prosap.parauapebas.pa.gov.br\/wp-content\/uploads\/2023\/11\/reurb1-300x199.jpg 300w\" sizes=\"(max-width: 520px) 100vw, 520px\" \/>\t\t\t\t\t\t\t\t<\/a>\n\t\t\t\t\t\t\t\t\t\t\t\t\t\t\t<\/div>\n\t\t\t\t<\/div>\n\t\t\t\t\t<\/div>\n\t\t<\/div>\n\t\t\t\t<div class=\"elementor-column elementor-col-33 elementor-inner-column elementor-element elementor-element-3f58201\" data-id=\"3f58201\" data-element_type=\"column\" data-e-type=\"column\">\n\t\t\t<div class=\"elementor-widget-wrap elementor-element-populated\">\n\t\t\t\t\t\t<div class=\"elementor-element elementor-element-5f96ff5 elementor-widget elementor-widget-image\" data-id=\"5f96ff5\" data-element_type=\"widget\" data-e-type=\"widget\" data-widget_type=\"image.default\">\n\t\t\t\t<div class=\"elementor-widget-container\">\n\t\t\t\t\t\t\t\t\t\t\t\t\t\t\t\t<a href=\"https:\/\/prosap.parauapebas.pa.gov.br\/wp-content\/uploads\/2023\/11\/reurb3.jpg\" data-elementor-open-lightbox=\"yes\" data-elementor-lightbox-title=\"reurb3\" data-e-action-hash=\"#elementor-action%3Aaction%3Dlightbox%26settings%3DeyJpZCI6MTg5NywidXJsIjoiaHR0cHM6XC9cL3Byb3NhcC5wYXJhdWFwZWJhcy5wYS5nb3YuYnJcL3dwLWNvbnRlbnRcL3VwbG9hZHNcLzIwMjNcLzExXC9yZXVyYjMuanBnIn0%3D\">\n\t\t\t\t\t\t\t<img decoding=\"async\" width=\"520\" height=\"345\" src=\"https:\/\/prosap.parauapebas.pa.gov.br\/wp-content\/uploads\/2023\/11\/reurb3.jpg\" class=\"elementor-animation-hang attachment-large size-large wp-image-1897\" alt=\"\" srcset=\"https:\/\/prosap.parauapebas.pa.gov.br\/wp-content\/uploads\/2023\/11\/reurb3.jpg 520w, https:\/\/prosap.parauapebas.pa.gov.br\/wp-content\/uploads\/2023\/11\/reurb3-300x199.jpg 300w\" sizes=\"(max-width: 520px) 100vw, 520px\" \/>\t\t\t\t\t\t\t\t<\/a>\n\t\t\t\t\t\t\t\t\t\t\t\t\t\t\t<\/div>\n\t\t\t\t<\/div>\n\t\t\t\t\t<\/div>\n\t\t<\/div>\n\t\t\t\t\t<\/div>\n\t\t<\/section>\n\t\t\t\t\t<\/div>\n\t\t<\/div>\n\t\t\t\t\t<\/div>\n\t\t<\/section>\n\t\t\t\t<\/div>\n\t\t","protected":false},"excerpt":{"rendered":"<p>Regulariza\u00e7\u00e3o Fundi\u00e1ria Urbana (Reurb) Desenvolvido pela Prefeitura de Parauapebas, por meio do Prosap, o Programa de Regulariza\u00e7\u00e3o Fundi\u00e1ria Urbana (Reurb) \u2013 Titula Parauapebas, j\u00e1 realizou a entrega de 1.500 t\u00edtulos de propriedades para os moradores de Parauapebas que residem em \u00e1reas alcan\u00e7adas pelas obras do Prosap. O Titula Parauapebas consiste em um conjunto de medidas [&hellip;]<\/p>\n","protected":false},"author":1,"featured_media":0,"parent":0,"menu_order":0,"comment_status":"closed","ping_status":"closed","template":"elementor_header_footer","meta":{"_acf_changed":false,"_crdt_document":"","_joinchat":[],"footnotes":""},"class_list":["post-1892","page","type-page","status-publish","hentry"],"acf":[],"_links":{"self":[{"href":"https:\/\/prosap.parauapebas.pa.gov.br\/index.php\/wp-json\/wp\/v2\/pages\/1892","targetHints":{"allow":["GET"]}}],"collection":[{"href":"https:\/\/prosap.parauapebas.pa.gov.br\/index.php\/wp-json\/wp\/v2\/pages"}],"about":[{"href":"https:\/\/prosap.parauapebas.pa.gov.br\/index.php\/wp-json\/wp\/v2\/types\/page"}],"author":[{"embeddable":true,"href":"https:\/\/prosap.parauapebas.pa.gov.br\/index.php\/wp-json\/wp\/v2\/users\/1"}],"replies":[{"embeddable":true,"href":"https:\/\/prosap.parauapebas.pa.gov.br\/index.php\/wp-json\/wp\/v2\/comments?post=1892"}],"version-history":[{"count":0,"href":"https:\/\/prosap.parauapebas.pa.gov.br\/index.php\/wp-json\/wp\/v2\/pages\/1892\/revisions"}],"wp:attachment":[{"href":"https:\/\/prosap.parauapebas.pa.gov.br\/index.php\/wp-json\/wp\/v2\/media?parent=1892"}],"curies":[{"name":"wp","href":"https:\/\/api.w.org\/{rel}","templated":true}]}}